{"id":1848,"date":"2024-01-20T17:34:12","date_gmt":"2024-01-20T20:34:12","guid":{"rendered":"https:\/\/lordsvw.com.br\/?page_id=1848"},"modified":"2024-01-20T17:45:27","modified_gmt":"2024-01-20T20:45:27","slug":"nossa-comemoracao-10-anos-de-lords-vw","status":"publish","type":"page","link":"http:\/\/lordsvw.com.br\/?page_id=1848","title":{"rendered":"Nossa comemora\u00e7\u00e3o &#8211; 10 anos de Lord\u00b4s VW"},"content":{"rendered":"\n<p><\/p>\n\n\n\n<figure class=\"wp-block-embed is-type-video is-provider-youtube wp-block-embed-youtube wp-embed-aspect-16-9 wp-has-aspect-ratio\"><div class=\"wp-block-embed__wrapper\">\n<iframe loading=\"lazy\"  id=\"_ytid_40191\"  width=\"780\" height=\"439\"  data-origwidth=\"780\" data-origheight=\"439\" src=\"https:\/\/www.youtube.com\/embed\/kFpjrodOGmc?enablejsapi=1&#038;origin=http:\/\/lordsvw.com.br&#038;autoplay=0&#038;cc_load_policy=0&#038;cc_lang_pref=&#038;iv_load_policy=3&#038;loop=0&#038;modestbranding=1&#038;rel=0&#038;fs=1&#038;playsinline=0&#038;autohide=2&#038;theme=dark&#038;color=red&#038;controls=1&#038;\" class=\"__youtube_prefs__  epyt-is-override  no-lazyload\" title=\"YouTube player\"  allow=\"fullscreen; accelerometer; autoplay; clipboard-write; encrypted-media; gyroscope; picture-in-picture\" allowfullscreen data-no-lazy=\"1\" data-skipgform_ajax_framebjll=\"\"><\/iframe>\n<\/div><\/figure>\n\n\n\n<p><\/p>\n\n\n\n<p>Al\u00e9m do encontro anual que marcou os 10 anos de funda\u00e7\u00e3o do Lord\u00b4s VW, com mais de 1000 ve\u00edculos presentes, o Lord\u00b4s VW organizou uma festa para seus membros, para comemorarmos a data especial, relembrar momentos dessa trajet\u00f3ria e homenagear ao amigos que se foram. Lord\u00b4s VW! Antigomobilismo, amizade e solidariedade juntos! Esque\u00e7a a rotina. Vem com a gente!<\/p>\n","protected":false},"excerpt":{"rendered":"<p> <a class=\"more-link\" href=\"http:\/\/lordsvw.com.br\/?page_id=1848\"><\/a><\/p>\n","protected":false},"author":1,"featured_media":1857,"parent":0,"menu_order":0,"comment_status":"closed","ping_status":"closed","template":"","meta":{"footnotes":""},"class_list":["post-1848","page","type-page","status-publish","has-post-thumbnail","hentry"],"_links":{"self":[{"href":"http:\/\/lordsvw.com.br\/index.php?rest_route=\/wp\/v2\/pages\/1848","targetHints":{"allow":["GET"]}}],"collection":[{"href":"http:\/\/lordsvw.com.br\/index.php?rest_route=\/wp\/v2\/pages"}],"about":[{"href":"http:\/\/lordsvw.com.br\/index.php?rest_route=\/wp\/v2\/types\/page"}],"author":[{"embeddable":true,"href":"http:\/\/lordsvw.com.br\/index.php?rest_route=\/wp\/v2\/users\/1"}],"replies":[{"embeddable":true,"href":"http:\/\/lordsvw.com.br\/index.php?rest_route=%2Fwp%2Fv2%2Fcomments&post=1848"}],"version-history":[{"count":1,"href":"http:\/\/lordsvw.com.br\/index.php?rest_route=\/wp\/v2\/pages\/1848\/revisions"}],"predecessor-version":[{"id":1849,"href":"http:\/\/lordsvw.com.br\/index.php?rest_route=\/wp\/v2\/pages\/1848\/revisions\/1849"}],"wp:featuredmedia":[{"embeddable":true,"href":"http:\/\/lordsvw.com.br\/index.php?rest_route=\/wp\/v2\/media\/1857"}],"wp:attachment":[{"href":"http:\/\/lordsvw.com.br\/index.php?rest_route=%2Fwp%2Fv2%2Fmedia&parent=1848"}],"curies":[{"name":"wp","href":"https:\/\/api.w.org\/{rel}","templated":true}]}}