{"id":1887,"date":"2024-10-19T14:41:20","date_gmt":"2024-10-19T17:41:20","guid":{"rendered":"https:\/\/lordsvw.com.br\/?page_id=1887"},"modified":"2024-10-19T14:41:22","modified_gmt":"2024-10-19T17:41:22","slug":"natal-luz-lords-vw-2021-2","status":"publish","type":"page","link":"https:\/\/lordsvw.com.br\/?page_id=1887","title":{"rendered":"Natal Luz Lord\u00b4s VW 2024"},"content":{"rendered":"\n<p><\/p>\n\n\n\n<figure class=\"wp-block-image size-large\"><a href=\"http:\/\/lordsvw.com.br\/wp-content\/uploads\/2024\/10\/chamada_natalluz_2024.jpg\"><img loading=\"lazy\" decoding=\"async\" width=\"1024\" height=\"585\" src=\"http:\/\/lordsvw.com.br\/wp-content\/uploads\/2024\/10\/chamada_natalluz_2024-1024x585.jpg\" alt=\"\" class=\"wp-image-1888\" srcset=\"https:\/\/lordsvw.com.br\/wp-content\/uploads\/2024\/10\/chamada_natalluz_2024-1024x585.jpg 1024w, https:\/\/lordsvw.com.br\/wp-content\/uploads\/2024\/10\/chamada_natalluz_2024-300x171.jpg 300w, https:\/\/lordsvw.com.br\/wp-content\/uploads\/2024\/10\/chamada_natalluz_2024-768x439.jpg 768w, https:\/\/lordsvw.com.br\/wp-content\/uploads\/2024\/10\/chamada_natalluz_2024-1536x877.jpg 1536w, https:\/\/lordsvw.com.br\/wp-content\/uploads\/2024\/10\/chamada_natalluz_2024.jpg 1985w\" sizes=\"auto, (max-width: 1024px) 100vw, 1024px\" \/><\/a><\/figure>\n\n\n\n<p>Pelo 9\u00b0 ano o Lord\u2019s VW Club RJ promove sua famosa e tradicional carreata de carros iluminados que percorre diversos locais, levando a alegria e esp\u00edrito natalino para os cora\u00e7\u00f5es de todos!! Arrecadamos tamb\u00e9m brinquedos, roupas e alimentos para serem doados a Institui\u00e7\u00f5es de apoio a crian\u00e7as e fam\u00edlias em situa\u00e7\u00e3o de vulnerabilidade.<\/p>\n\n\n\n<p><strong>Fa\u00e7a parte dessa corrente de amor ao pr\u00f3ximo!<\/strong><\/p>\n\n\n\n<p>Datas da carreatas:<\/p>\n\n\n\n<p><strong>27 e 28\/11- A\u00e7\u00e3o conjunta com o Col\u00e9gio Nacional<\/strong><\/p>\n\n\n\n<p><strong>30\/11, 07, 14 e 21\/12 &#8211; Carreatas (trajetos ser\u00e3o disponibilizados em breve)<\/strong><\/p>\n\n\n\n<p>Informa\u00e7\u00f5es em nossas redes sociais e pelo email <em>lordsvw@gmail.com<\/em>  .<\/p>\n\n\n\n<p><\/p>\n","protected":false},"excerpt":{"rendered":"<p> <a class=\"more-link\" href=\"https:\/\/lordsvw.com.br\/?page_id=1887\"><\/a><\/p>\n","protected":false},"author":2,"featured_media":1888,"parent":0,"menu_order":0,"comment_status":"closed","ping_status":"closed","template":"","meta":{"footnotes":""},"class_list":["post-1887","page","type-page","status-publish","has-post-thumbnail","hentry"],"_links":{"self":[{"href":"https:\/\/lordsvw.com.br\/index.php?rest_route=\/wp\/v2\/pages\/1887","targetHints":{"allow":["GET"]}}],"collection":[{"href":"https:\/\/lordsvw.com.br\/index.php?rest_route=\/wp\/v2\/pages"}],"about":[{"href":"https:\/\/lordsvw.com.br\/index.php?rest_route=\/wp\/v2\/types\/page"}],"author":[{"embeddable":true,"href":"https:\/\/lordsvw.com.br\/index.php?rest_route=\/wp\/v2\/users\/2"}],"replies":[{"embeddable":true,"href":"https:\/\/lordsvw.com.br\/index.php?rest_route=%2Fwp%2Fv2%2Fcomments&post=1887"}],"version-history":[{"count":1,"href":"https:\/\/lordsvw.com.br\/index.php?rest_route=\/wp\/v2\/pages\/1887\/revisions"}],"predecessor-version":[{"id":1889,"href":"https:\/\/lordsvw.com.br\/index.php?rest_route=\/wp\/v2\/pages\/1887\/revisions\/1889"}],"wp:featuredmedia":[{"embeddable":true,"href":"https:\/\/lordsvw.com.br\/index.php?rest_route=\/wp\/v2\/media\/1888"}],"wp:attachment":[{"href":"https:\/\/lordsvw.com.br\/index.php?rest_route=%2Fwp%2Fv2%2Fmedia&parent=1887"}],"curies":[{"name":"wp","href":"https:\/\/api.w.org\/{rel}","templated":true}]}}